)?
2, 3, 19
Let n be (-2)/6*(-31 - -13). Suppose -n*l + 1539 + 1431 = 0. What are the prime factors of l?
3, 5, 11
Suppose 1245392 - 177778 = 18*i + 139534. List the prime factors of i.
2, 5, 1289
Let s = 1810 - -267. What are the prime factors of s?
31, 67
Let m(a) = -a**3 - 3*a**2 + a + 2. Let k = 89 - 91. Let v(t) = t**2 - 1. Let j(q) = k*m(q) - 10*v(q). What are the prime factors of j(3)?
2, 3
Suppose 19*a + a = 237700. What are the prime factors of a?
5, 2377
Suppose 0 = 3*p - 5334 + 1509. Let a = p - 774. List the prime factors of a.
3, 167
Suppose 2*j - 9*j = 21. Let o(n) = 6*n - 28*n + 6*n - 17*n - 2. List the prime factors of o(j).
97
Let o(y) = y**3 - 25*y**2 - 54*y + 4. Let k be o(27). Suppose k*c - 905 = -7*i + 4*i, 5*c - 1132 = -4*i. List the prime factors of c.
2, 7
Let g = 62184 + -26699. What are the prime factors of g?
5, 47, 151
Let u = -17668 - -27784. What are the prime factors of u?
2, 3, 281
Let w(c) be the first derivative of c**3/3 - 5*c**2/2 - 5*c - 16. Let p be w(-11). Let o = p - 109. What are the prime factors of o?
2, 31
Let s(d) = 122*d + 4532. What are the prime factors of s(70)?
2, 19, 43
Let r be -357*((-100)/25 + 20/3). Let w = r - -2389. List the prime factors of w.
3, 479
Let k be (0 - 5/3)*144/(-120). Suppose 5*g = -k*j + 4773, -4*j - 1579 = -5*g + 3200. What are the prime factors of g?
5, 191
Let r(x) = 8*x - 113. Suppose 0 = 6*j + j - 133. List the prime factors of r(j).
3, 13
Let m(g) = -892*g - 81. List the prime factors of m(-12).
3, 3541
Suppose 4*p - 12 + 24 = 0, p = 2*b - 24305. Suppose 0 = 12*y + 3799 - b. What are the prime factors of y?
2, 3, 29
Let o(h) = 1556*h - 2137. What are the prime factors of o(23)?
3, 3739
List the prime factors of ((-1)/(-4))/((-77)/(-13621916)).
47, 941
Let o be ((-98)/(-7) - 9)*278/2. Suppose s - o = 189. What are the prime factors of s?
2, 13, 17
Let s(b) = 24*b**2 - 54*b - 3810. What are the prime factors of s(-43)?
2, 3, 1787
Let z = 37554 - 16310. What are the prime factors of z?
2, 47, 113
Let c = -310 - -549. Suppose 5*n - 10 = 0, -z = n - 6*n - c. List the prime factors of z.
3, 83
Let m = 113 + -234. Suppose -3*s - 2*r = -s - 648, 0 = s - r - 332. Let f = m + s. List the prime factors of f.
3, 23
Suppose 343 = -7*y - 308. Let j = 226 + y. Let w = j + -53. What are the prime factors of w?
2, 5
Suppose 0 = s + 5*a + 4, -3*s + 2*a = -7*s + 20. Suppose s = -5*d + 21. Suppose 5*r - 641 = -g, -d*r - 30 = 5*g - 419. What are the prime factors of r?
2
Let h(y) = -3*y + 39. Let c be h(7). What are the prime factors of (4*1)/((16 + -10)/c)?
2, 3
Let x(b) be the second derivative of 0 - 1/20*b**5 - b - 9/2*b**2 + 3/2*b**3 + 1/2*b**4. List the prime factors of x(7).
5
Let y(x) = -28*x + 19. Suppose 10*k + 36 = 16. Let d be k/(-6) - 75/9. List the prime factors of y(d).
3
Let m(p) = 20*p**2 + 28*p + 31. Let k(d) = 3*d**2 + 2*d + 6. Let r(o) = -6*k(o) + m(o). Let l(q) = -q - 11. Let n be l(0). What are the prime factors of r(n)?
61
List the prime factors of (-8 - -3)*-2342*5/(80/24).
3, 5, 1171
Let s = 7521 + 126. List the prime factors of s.
3, 2549
Suppose 3 = -c, t + 4*c + c - 852 = 0. Suppose 0 = -8*m + 3397 + t. List the prime factors of m.
13, 41
Let g = 474 + -466. Let o(q) = -6*q + 33. Let w(d) = -d - 1. Let z(t) = -o(t) - 5*w(t). What are the prime factors of z(g)?
2, 3, 5
Let n(u) = 2*u + 1. Let i(w) = -4*w + 27. Let l(x) = -i(x) + 4*n(x). What are the prime factors of l(13)?
7, 19
Suppose 102*p - 2416148 = 2186194. List the prime factors of p.
45121
Let r = 11876 - -2570. List the prime factors of r.
2, 31, 233
Let x be (-1)/2 + 43065/58. Suppose c = -3*f + 275, -5*f + 71 = 3*c - x. List the prime factors of c.
2, 7, 19
Let z = 7883 - 652. What are the prime factors of z?
7, 1033
Let v(f) = 154*f**3 - 8*f**2 + f - 35. List the prime factors of v(6).
47, 701
Suppose -28*j + 431 = -32*j - 5*h, -j - 124 = -2*h. Let g(m) = -m**2 + 4*m - 5. Let p be g(5). Let k = p - j. List the prime factors of k.
2, 13
Suppose -9 - 1 = -5*g + f, 4*g + f - 8 = 0. Suppose -g*u + 2 = -n, -2*n - 2*u + 1 = -1. What are the prime factors of 20 + n/(6/(-3))?
2, 5
Let k(v) = v**3 + 27*v**2 - 33*v + 202. Let l = -64 - -36. What are the prime factors of k(l)?
2, 3, 19
Let p be (12/(-54))/((1/9)/(-1)). Suppose 8*g = 5*g + 9, 0 = p*x + 2*g - 796. What are the prime factors of x?
5, 79
Let w = 54 + -54. Suppose -23 = -l + 4*f + 18, w = 4*f - 16. What are the prime factors of (4*4/24)/(2/l)?
19
Let z(w) = -w**3 + 3*w**2 + 12*w - 7. Let o be z(5). Suppose o*n - 9 = 12. Suppose 12*k - n*k - 330 = 0. What are the prime factors of k?
2, 3, 11
Suppose -21*o = 2*b - 16*o - 80, 0 = 5*b - 2*o - 142. What are the prime factors of 1278/4*(260/b - 8)?
3, 71
Suppose 16*t + 12*t = 15*t + 154869. List the prime factors of t.
3, 11, 19
Let s be 0/2 - (-26)/26. Let m(f) = 4*f - 9. Let p(j) = -j - 1. Let a(i) = s*m(i) - 3*p(i). What are the prime factors of a(8)?
2, 5
Suppose -4*n + 567 = 563, -2*q + 2*n = -54092. What are the prime factors of q?
17, 37, 43
Let k(b) = -3*b**2 + 6*b + 6. Suppose 13*w - 96 + 31 = 0. Let r be k(w). Let o = 194 - r. What are the prime factors of o?
233
Let w = -94259 - -150049. List the prime factors of w.
2, 5, 7, 797
Suppose 0 = r + 2*m - 801, -4*m - m = -4*r + 3256. Suppose 0 = -3*u - 37*g + 42*g + 2451, -u - g = -r. What are the prime factors of u?
2, 7, 29
List the prime factors of (-1 + 134)/((-227)/(-908)).
2, 7, 19
Let u(k) = -1919*k - 13. Let b be u(-2). Suppose -15*f = -0*f - b. What are the prime factors of f?
3, 5, 17
Let i(f) = -f**3 + 13*f**2 + 14*f + 2. Let u be i(14). Let g be (-15)/(-30) - (-7)/u. Suppose s + 35 + 137 = g*m, 216 = 5*m - s. List the prime factors of m.
2, 11
Suppose 2*x - 2*u - 862 = 0, -2*u + 1188 = 3*x - 130. Suppose 95*l - 99*l + x = 0. What are the prime factors of l?
109
Suppose 396*j = 371*j + 60075. What are the prime factors of j?
3, 89
Let r be 7*((-6 + 10)*-1 + 33). Suppose -w - 29 = -r. List the prime factors of w.
2, 3, 29
Let l(d) = -18*d - 4. Let b(f) = 35*f + 7. Let i(g) = -4*b(g) - 7*l(g). List the prime factors of i(-19).
2, 7, 19
Let u(h) = 140*h - 9. Suppose -8*v - 7*v + 60 = 0. What are the prime factors of u(v)?
19, 29
Let a(h) = -h**3 - 12*h**2 - 2*h - 15. Let g be a(-12). Let b be (-1 - -38) + (g - 9). Suppose x - 14 = b. What are the prime factors of x?
3, 17
Suppose 0 = 7*p - 12*p + 60. Suppose 7*q - 2 = p. Suppose -81 = -q*f - 11. What are the prime factors of f?
5, 7
Suppose 3*q - 6072 - 3276 = 0. Let w = q + -1244. What are the prime factors of w?
2, 3, 13
Let z(d) = -93 - 84 + 269 + 94*d - 93. What are the prime factors of z(2)?
11, 17
Suppose 3*l + 3*z + 99 = 2*l, 2*l - z = -198. Let t = l + -49. Let f = -140 - t. What are the prime factors of f?
2
Let h = -4886 - -9782. List the prime factors of h.
2, 3, 17
Suppose -22*i + 94 + 82 = 0. What are the prime factors of 12 + (-1 - i) + 229*3?
2, 3, 5, 23
Let y be ((-2)/(-4))/(10/1320). Let v be (-1226)/(-4) - y/(-44). Suppose -p - 3*p = -v. What are the prime factors of p?
7, 11
Let s(a) = 136*a**2 - 232*a + 22. List the prime factors of s(8).
2, 3, 5, 229
Let o = 24010 - 11086. List the prime factors of o.
2, 3, 359
Let x be (-10)/(-1) + 5 + (0 - 7). List the prime factors of (-30277)/(-68) - 10/x.
2, 3, 37
Suppose 127*p + 58*p - 2987868 = 29*p. List the prime factors of p.
107, 179
Suppose 5*j - 34 = -0*j - 3*f, j + f = 8. Let k(z) = z**2 + 5*z - 6. Let i be k(j). Suppose 0 = -i*x + 42*x + 90. List the prime factors of x.
3, 5
Suppose -7540 = 4*l - 4*a, 3*l + 2*a + 3*a = -5623. Let w = -1120 - l. What are the prime factors of w?
761
Let z(c) = 14*c - 65. Let x be z(5). Suppose 5*d + x*j - 65 = 0, -4*d = -d - 3*j - 27. List the prime factors of d.
11
Let x(r) = -15*r - 111. Let q be x(-7). List the prime factors of 119/(-21)*-12 + q.
2, 31
Let g be (1 + 35)*(9/27 - 0). Suppose -g*u - 516 = -2220. List the prime factors of u.
2, 71
Let q(w) = 6*w**3 - 18*w**2 + 9*w - 285. List the prime factors of q(19).
2, 3, 19, 101
Let m(j) = -6652*j + 12221. List the prime factors of m(-5).
45481
Let u(o) = -7*o - 14. Let d be u(-11). Let g be 4/(24/d)*56/3. Suppose 0 = -33*i + 31*i + g. List the prime factors of i.
2, 7
Let o(r) = r + 1. Let x(l) = -99*l - 9. Let g(w) = 36*o(w) + x(